is 10 + 28 + (-18 - 4) + -23 + -1?
-8
What is the value of -50 + (-15 - (-36 + 15))?
-44
What is -50 - (47 + -142 - -39)?
6
1209 - 1181 - (3 + 0 - 2 - 12)
39
(55 - (146 - 54)) + (1 - -29)
-7
Calculate -2 + -3 + (13 - 7) + 9 + 11.
21
What is 54 + -34 + -13 + -4 + 30?
33
What is (1 - -4) + (20 - (-85 - -30) - -1) + 10?
91
Evaluate -56 + 32 - ((-37 - -12) + 18).
-17
Calculate (-1 + 22 - ((14 - 1 - -9) + -12)) + -75.
-64
Calculate (-87 - -77) + 2 + (-14 - -18).
-4
What is 0 + -44 + 2 - (-31 - (-59 + 44))?
-26
What is 92 - (106 + -3) - (-4 + 98)?
-105
24 - 59 - (-28 + 4) - -4
-7
What is -1 - 9 - -17 - -78 - (18 + 10 + -20)?
77
What is the value of (-28 - -13 - (40 + 4 - 4)) + 2?
-53
Calculate -1 + -21 + 218 + -214.
-18
What is the value of (-5 - (112 - 73)) + 65?
21
What is 15 + (-124 - (2 + 0 + 1 + (9 - 0)))?
-121
Evaluate -10 + 32 - (-5 - (-9 - -8) - 0).
26
Calculate -12 + (5 - -2) + (3 - (2 - 0)) + 37.
33
Evaluate -78 - -74 - (-21 + 27 - 17).
7
What is the value of (-1 - 17) + (-2 - (20 - 6))?
-34
88 + 1 - (-49 + -20 + 65 + -6)
99
Evaluate 8 + 16 + -10 + (8 - 5) + 0 + 5.
22
What is the value of (15 - (1 - (-25 + 8)) - -7) + 15?
19
Calculate -4 + 2 + 1 + 7 - (22971 - 22983).
18
Calculate 2752 + -2726 - ((-1 - -3) + 63).
-39
Calculate -23 - (94 - 109) - (-84 + 1).
75
(-84 - -91) + (-12 - -1) + (16 - 0) + -3
9
Evaluate (8 - (-21 - -62)) + 18.
-15
What is -3 - (1 - 3) - (-53 - -48) - -13?
17
19 + (0 - (11 + 6 + -23))
25
Evaluate 16 + -9 + -31 - 2.
-26
What is 255 - 113 - ((4 - -17) + 7 - 3)?
117
Calculate -3 + -1 - (-61 - -21 - -30) - 12.
-6
What is the value of -37 - (26 + (25 - 1 - 77))?
-10
(-53 - (-2 - (19 + -19))) + 21
-30
What is 234 + -253 - (-4 - 0 - (74 - -8))?
67
What is (6 - (55 - 12)) + (-27 - -8 - -8)?
-48
What is the value of -11 - (6 - 1) - (-185 - -178)?
-9
-430 + 383 - (-71 - 3)
27
What is the value of (21 - (59 + -13 - 35)) + (79 - 2)?
87
Evaluate 7 + (-22 - ((-4 - (-5 - 3)) + -4)).
-15
Calculate (1 - 44) + (3 - 10) + -10 + 4 + 12.
-44
What is -10 + 30 + -6 + (-55 - (-7 + 4))?
-38
What is the value of -48 - (-133 + 21 + 16)?
48
Calculate 43 + -43 + (-7 - (3 + -3) - -4) + 48.
45
Evaluate (100 - 95) + -6 + (2 - 3) + (-5 - -3).
-4
What is -2 - ((-6 - (2 - 9)) + (-5 - 40) + -13)?
55
What is the value of -75 - (2 + (7 - (-7 + 16)) + -10) - -1?
-64
16 - -4 - (32 + -38 - -82) - -7
-49
What is the value of 23 - (29 + -49 + 21) - (6 - -125)?
-109
Evaluate -7 + 21 + (-9 - 12 - -15) - -15.
23
(546 - 547) + 10 + -4 + 3
8
(-16 - -17) + 28 + 8 + -14
23
What is the value of 17 + 1 - (-4923 + 4939)?
2
What is the value of 12 + -1 + (-2 - -1 - (790 + -777))?
-3
Calculate 17 - -1 - (439 + -434) - 84.
-71
Calculate -2 + 29 + (794 - 789).
32
21 - (-30 - -125 - 53)
-21
Calculate 20 - (-12 + (3 - -18 - 30 - -20)).
21
Evaluate (-65 - -39 - 28) + -11 + -19.
-84
What is the value of 28 + -13 + ((28 - 12) + -10 - -2)?
23
Calculate -38 + -4 - (265 + -258).
-49
Evaluate (-249 - -121) + -8 + 64.
-72
What is 6 - (-3 + (-6 - 3) - (-180 + 154))?
-8
What is the value of -2 - 2 - (-55 - (-12 + 5))?
44
What is (-3 + 8 + 36 - 0) + (359 - 373)?
27
Calculate (60 - 11) + -68 - -10.
-9
What is -4 + 29 - 7 - (91 + -140) - (0 + -6)?
73
What is the value of (-16 + 0 - -7) + 8 + (34 + 1 - -13)?
47
(37 - 1 - (-745 + 768)) + -19
-6
What is the value of 7 - (8 - (-2 - (6 + (4 - 11))))?
-2
What is the value of (-8 - -2 - 10) + (-7 - -18) + -4 + 20?
11
Calculate 2 + (-1 - 18) + 13 + 15 + -15.
-4
What is the value of -24 - ((-5 - 25) + 23) - (4 - 108)?
87
What is the value of (-1 + 15 + (-5 - 18) - (-1 + 1)) + 55?
46
What is the value of 12 - (-20 - (-44 - (19 - 34)))?
3
Evaluate -201 + 0 + 9192 + -9031.
-40
Calculate -2 + 34 + -11 + (-2 - -6).
25
What is the value of 26 + -2 + 77 + -33 - 4?
64
What is the value of (44 - ((-14 - (16 - 54)) + -9)) + 0?
29
Calculate -17 - (-174 + 185 - (133 - -2)) - (15 + -1).
93
What is 7053 + -7154 - (2 + -65)?
-38
What is the value of -47 + (147 - 87) - (20 - -1)?
-8
Evaluate (-12 + 11 - -18 - (-7 + 37)) + 0 + 16.
3
Calculate (12 - (-11 + 18 + 0)) + 12.
17
Calculate 39 + -49 - (-19 - -41).
-32
What is the value of -229 - (-25 + -154 + 44)?
-94
Evaluate 2 + 1 + 16 + (10629 - 10665).
-17
What is the value of 30 - (7 - (-22 + (-7 - 50)))?
-56
-5 - (2 + (-5 - -14 - (-18 + 26)) + 17)
-25
Evaluate (0 - -1) + 2 + -1 + 48 + 68 + -74.
44
What is (-86 - (-29 - 10)) + 29 + -104 + 7?
-115
Evaluate 37 + 114 + -196 - (-1 + -1).
-43
Calculate -2 + (-38 - (36 - 58)).
-18
(-9 - (-12 - -14 - 5) - (-5 - -8)) + 6
-3
Calculate (33 - (-16 + 7 + -14 + 15)) + (4 - -1).
46
Calculate (1 - -4) + (-101 - -87) + -12.
-21
(17 - 10) + -48 + (-21 - (-7 + -6))
-49
What is the value of 44 + (35 - 63 - 133)?
-117
What is the value of 111 + 0 - (-20 + 88 + -6 + -47)?
96
11 + (-19 - -11) - 9 - 20
-26
What is the value of (9 - -2 - (20 + -8)) + 10 + 1 + 41?
51
-1 + 26 + 261 + (-66 - 204)
16
Evaluate 344 + -362 - (-11 - (5 - 13)).
-15
What is the value of 72 - (-11 - (1 + -7 + (-261 - -252)))?
68
-47 + (0 - 2) - (53 - (25 + 45))
-32
Evaluate 35 + -1 + (-81 - 7).
-54
7 + 0 + (6 - -7) + (3 - 16)
7
Calculate (12 + -28 - -13 - -5) + -12 - 19.
-29
-74 - (-56 + 139 - 77)
-80
158 + -51 + -52 + -98
-43
Evaluate (-16 - -21) + (8 - (1 - (2 - -9))).
23
15 + (-1 - 9) + 8 - (-2 - (-3 - -1))
13
Calculate (-13 - -9) + (-119 - (-72 - -24)).
-75
-220 + 39 + 81 + 12
-88
Calculate -1 - -49 - (-5253 + 5316).
-15
Evaluate (250 - 215) + (-3 - -6 - (3 - 5)).
40
Calculate 202 - (179 + -112) - 26.
109
Calculate -1 - 5 - (-17 - -10 - 45) - -15.
61
What is the value of -25 + (-62 - -46) + 8?
-33
What is -61 - (24 + -29 + (-13 - (0 + -6)))?
-49
What is (1 + 3 - (78 + -94)) + 3 + -152?
-129
What is the value of -47 + (27 - (-17 + 11) - 19)?
-33
What is 70 - (-5 + (5 - 0) + 342 + -329)?
57
Calculate 2 + 0 + 2 + 1 - (2537 - 2532).
0
(-4 - (-4 + 4)) + (-5 + -2 - (-18 + -14))
21
Calculate 12 + -42 - (22 + -17).
-35
What is 5 - 0 - (-51 - -2) - (-721 + 729)?
46
4 + -8 - (20 - -3 - (50 - -40))
63
Evaluate 924 + -946 - (-2 - -20).
-40
What is the value of (2726 - 2736) + 1 + 46?
37
354 + -354 - (3 + 5 + 1)
-9
What is the value of (151 - 298 - -139) + 4 + -2 + 93?
87
Evaluate (-15 - 2) + 23 + -7 + 7.
6
What is 8 + -4 + -12 - (2 + -5) - (-13 - -15)?
-7
What is -5 + 8 + -11 + -4 + 45 + 3?
36
What is -53 + 69 + (120 - 109)?
27
Evaluate (-105 - -47 - -27) + -12.
-43
(3931 - 3927) + 27 + (0 - 1)
30
Evaluate 5 - 1 - (2 + 6) - (-15 + (39 - 66)).
38
What is 33 + (-424 + 420 + (10 - 0) - -13)?
52
What is 2 + 2 - (-12 + (-14 - -38)) - (-45 - -57)?
-20
-9 - (22 + 4 + -11 - (6 + (-8 - -2)))
-24
Evaluate -77 + 1 + (27 - (69 - 75)).
-43
Evaluate (-27 - -35) + 2 + (-72 - (8 - (8 - -3))).
-59
What is the value of 410 + (-257 - 0) - (-1 - -28)?
126
What is -4 + -9 - (11 + -16 + -13 - 80)?
85
Evaluate -10 + -39 + (-6 - (2 - 11)).
-46
What is -84 + (4 - ((-7 - 18) + 20 + -8))?
-67
What is the value of (2 - (0 + -3)) + (8 - 19) - (9 + 1)?
-16
-77 + 0 + 184 - 43
64
Evaluate -57 + (-13 - (-2 - (-4 + 3))) + 8.
-61
What is 6 - (-63 + 122) - 8?
-61
What is the value of 19 + (34 - 76 - -61)?
38
Calculate 1 + 16 - (52 - (87 - 24)).
28
Calculate 105 - (38 - -61) - (28 + 6 + -2).
-26
Calculate (31 - (135 + -101)) + (-1 - -41).
37
Evaluate (251 + -217 - (-1 + 5)) + -9.
21
Evaluate 7 + 41 - (47 - (19 - -19)).
39
4 - ((-4 - -39) + -18) - (-1 - 49)
37
What is the value of (-21 - 1) + (999 - 986)?
-9
-9 + (-8 - 17 - -51)
17
Evaluate (10 - -1 - (363 - 353)) + -51.
-50
What is the value of -21 - (-100 + (30 - (10 - -22)))?
81
What is the value of (-42 - -1) + (-237 - -257) - 73?
-94
0 - ((-24 - -21 - 10) + 5 + 4 + 49)
-45
(1 - (2 - 41)) + 2 + (-1909 - -1897)
30
Evaluate (-158 - -63 - -226) + -82.
49
What is the value of (19 - -61) + -108 + -7?
-35
What is 95 - (138 - 30) - (1 - -6)?
-20
Calculate (5 + 15 - 2) + (491 - 534).
-25
What is the value of 3 + 56 + (-232 - -217)?
44
Calculate -62 - ((86 - 77) + (4 - -1) + 6).
-82
Evaluate (-13 - (-79 + (75 - 81) + (0 - -15))) + 2.
59
10 + (-16 + -3 + -7 - 17)
-33
What is 4 + 62 + (24 - (-12 - -26))?
76
Calculate 2 + 9 + (5 - (-63 + 87)).
-8
Calculate 2 + -10 + 6 + -92 + -3 + (12 - 18).
-103
Calculate 407 + -361 + (10 + -5 - -5).
56
Calculate (-9 + 9 - 7 - -13 - -8) + (-32 - -42).
24
0 - (29 + (-30 - (49 + -42